1*v + 10. Let z be u(8). Suppose -3*x - 8 = -z. What is the greatest common divisor of x and 14?
14
Let s be 3*5/((-60)/(-344)). Suppose -2*v + s = -2*w, -3*v = -w - 72 - 55. What is the highest common divisor of 21 and v?
21
Let k(i) = i. Let q be k(1). Let c = q - 2. Let u be (80 - -3) + (-2)/c. What is the greatest common factor of 17 and u?
17
Let i(k) = 16*k**2 + 5*k + k**3 - 4*k**2 - 16 + 4*k. Let o be i(-11). Let q be 1/((-3)/o) - -14. What is the highest common factor of 96 and q?
12
Let j = 646 + -137. Suppose 0 = -5*z + 51 + j. What is the greatest common factor of 16 and z?
16
Let r be (-18)/(-14) - (-62)/(-217). Calculate the highest common divisor of r and 2.
1
Let z be (-2 - 0 - -2)*1. Suppose 3*q + 2*q - 85 = z. What is the greatest common divisor of 153 and q?
17
Let m = 83 + -70. Suppose 2*c - 65 = c. Calculate the greatest common divisor of c and m.
13
Suppose o - 2*o - 56 = -3*z, 0 = z + 5*o - 8. Calculate the greatest common factor of 2 and z.
2
Suppose 0 = 5*z - 5. Let p be (z + -1 - 3)/(-1). Let l be 8/3 - 2/p. Calculate the greatest common divisor of l and 3.
1
Let t be 16/3*(4 + 35/10). What is the highest common divisor of t and 15?
5
Let q be ((-6)/5)/((-6)/20). Let v be q + 161 - (-1 + -2). Let f be ((-3)/(-2))/(2/v). Calculate the highest common divisor of f and 14.
14
Suppose 192 = 4*d - 36. What is the greatest common factor of d and 38?
19
Let b be ((-6)/(-10))/(3/15). Suppose b*o = -22 + 187. Suppose 7*k - 8*k = -22. Calculate the highest common factor of k and o.
11
Suppose -3*c = 0, 0 = -y + 2*y + 5*c. Suppose 4*o + y*o = 1412. Suppose -3*f = 5*u - 7*f - 876, 2*u = -f + o. What is the greatest common divisor of 16 and u?
16
Suppose 43 - 11 = 4*k + 2*y, 5*k - 40 = 4*y. What is the greatest common divisor of k and 8?
8
Let i(n) = 5*n - 33. Let v be i(12). What is the highest common divisor of v and 36?
9
Let d(z) = z**3 + 8*z**2 + 5*z + 7. Let i be d(-7). Calculate the highest common divisor of 84 and i.
21
Suppose 2*j = -5*d + 199 - 49, -4*d = j - 72. Suppose 6*l - j = l. Calculate the highest common divisor of 16 and l.
16
Let g(w) = -w**3 - 7*w**2 - 8*w + 2. Let t be g(-6). What is the highest common factor of 98 and t?
14
Let i = 280 - 161. Let y be 4 + (-1 - 1) + i. Let a(t) = -5*t - 4. Let j be a(-3). Calculate the greatest common divisor of y and j.
11
Suppose 5*c - 4*i = 73, -5*c + 2*c - i + 54 = 0. Let x = 29 - c. Suppose 48 = -0*g + 4*g. What is the highest common divisor of g and x?
12
Suppose 4 = -u, -4*d = -0*d - 5*u - 588. Suppose j - 133 = -r, 0*j - d = -r + 2*j. What is the greatest common divisor of 17 and r?
17
Let u(i) = i**3 + 5*i**2 - 4*i + 14. Let b be u(-5). What is the greatest common divisor of 51 and b?
17
Suppose -60 = j - 5*j. Calculate the greatest common factor of 5 and j.
5
Let l = -14 + 14. Suppose 2*d = 6, -4*t - d + 179 = -l*t. Calculate the highest common factor of 11 and t.
11
Let c = 42 + -33. What is the greatest common divisor of 27 and c?
9
Let m be (-1)/(-2) - (-189)/14. Calculate the greatest common factor of 35 and m.
7
Let y be (-9)/(36/(-40)) + -1. Calculate the greatest common divisor of 6 and y.
3
Let i = 6 + 3. Calculate the highest common factor of i and 27.
9
Suppose 0 = r - 2*r + 2, 2*d - 224 = 5*r. Let f = 8 + d. What is the greatest common divisor of 50 and f?
25
Let d = -92 - -60. Let w = 59 + d. Calculate the greatest common divisor of 3 and w.
3
Let y(m) = m**2 + 2*m - 2. Let h = 11 - 8. Let o be y(h). Calculate the greatest common factor of o and 91.
13
Suppose -2*r + 3*r = 76. Suppose 4*l - r = -12. Suppose 3*a = -3*n - 2*n + 92, 0 = -4*n - 4*a + 80. Calculate the highest common factor of l and n.
16
Suppose 5*s + 25 = 0, 2*p + 2*p + 3*s = -7. What is the greatest common divisor of p and 2?
2
Let l(d) = -d**2 + d + 3. Let m be l(0). Let k(a) = -a**3 + 4*a**2 + 3*a - 3. Let o be k(m). What is the highest common divisor of 10 and o?
5
Let g = -32 - -18. Let m = g - -25. Suppose -5*t + 81 = m. Calculate the greatest common divisor of t and 154.
14
Let n be 1*-3*(-4)/12. Calculate the highest common factor of 1 and n.
1
Let c(x) = -x + 1. Let u be c(-3). Let y be (-82)/(-8) + (-1)/u. What is the highest common factor of 4 and y?
2
Let w(u) = u + 21. Let q be w(5). What is the greatest common factor of 416 and q?
26
Let r be (-2)/3*1*-6. Suppose 4*l = 3*a - 11 - r, 0 = 2*l. Suppose a*o - 122 = 13. Calculate the highest common factor of o and 3.
3
Let w(m) = m**2 + m - 2. Let d be w(2). Suppose -o + 28 = -3*k, k - 76 = -4*o + d*k. Calculate the greatest common factor of o and 16.
16
Let u(q) = q**3 - 3*q**2 - 2*q + 341. Let g be u(0). What is the greatest common factor of g and 31?
31
Let f = -7 + 27. Calculate the greatest common divisor of f and 5.
5
Let w(r) = -r + 4. Let g be w(13). Let m be 1 - 8/12*g. Suppose 4*h - 111 - 85 = 0. What is the greatest common divisor of m and h?
7
Let h(c) = 4*c - 53. Let w be h(17). What is the greatest common divisor of w and 60?
15
Let f be (-6 - 1)/((-1)/3). What is the highest common divisor of 7 and f?
7
Let b(y) = 21*y + 29. Let k be b(7). What is the highest common divisor of 22 and k?
22
Let x = -1 + 3. Let k(a) = 2*a + 1. Let n be k(4). Suppose -5*z + 99 = n. Calculate the highest common factor of z and x.
2
Let l(m) be the third derivative of m**5/60 - m**4/12 + m**3/3 - m**2. Let z be l(4). Calculate the greatest common divisor of z and 25.
5
Let j be 110/2 - (5 - 5). Suppose 0 = 2*g - c + 3*c - 130, -g - 3*c = -j. Suppose -15 = z - g. Calculate the highest common divisor of 5 and z.
5
Let p = -38 - -81. Let d = p - 6. Suppose -5*q = -127 + d. What is the greatest common factor of q and 36?
18
Let w(s) = 2*s**3 - 2*s**2 + 2*s - 1. Let g be w(1). Let u = g + 3. Let t(z) = 20*z - 3. Let f be t(u). What is the highest common factor of f and 11?
11
Let o be 240/18*(5 + -2). Let s be 2/7 - 216/21. Let k be ((-48)/10)/(3/s). What is the greatest common factor of k and o?
8
Let o = 0 + -6. Let w = -2 - o. Suppose -w*b + 64 = -48. Calculate the highest common factor of 70 and b.
14
Suppose -14 = -x - 3*f + 3, 5*x = 2*f + 51. What is the highest common factor of 99 and x?
11
Let g be 3/(-2)*(-6 + (-128)/(-24)). Calculate the greatest common divisor of 2 and g.
1
Let o = -11 + 14. Let y be ((-48)/(-40))/(o/50). Calculate the highest common divisor of 220 and y.
20
Let x(t) = 3*t + 3. Suppose 4*y - 30 = 2*y. Suppose 6*h = h + y. Let g be x(h). Calculate the highest common divisor of g and 24.
12
Suppose 8*d - 335 = 281. Let r be 1*-2 + 2 + 2. Let x be -14*(r - (-10)/(-4)). Calculate the greatest common divisor of x and d.
7
Let f be 0 + -1 - -74 - -2. Let c be ((-3)/5)/((-3)/f). What is the greatest common divisor of c and 15?
15
Let l = 7 - 2. Suppose -l*j + 3*h = 5, -4*j - 5*h = -j - 31. What is the greatest common divisor of j and 8?
2
Suppose 3*a = 6*a. Suppose -p + 13 - 1 = a. What is the greatest common factor of 12 and p?
12
Let w(m) = -m**3 - 30*m**2 + 31*m + 41. Let o be w(-31). What is the highest common divisor of 205 and o?
41
Let g = -6 + 8. Suppose -49 = -5*h - g*a, -2*h + 4*a - 2 + 12 = 0. Calculate the greatest common factor of 27 and h.
9
Let a(c) = c - 3. Let y be a(6). Suppose 17 = -m - 5*t, 5*m + 2*t + 1 - 8 = 0. Calculate the highest common factor of m and y.
3
Let n be (-4)/(-14) - (-124)/7. Suppose -o + 3*w + 26 = -1, 4*w - 84 = -2*o. What is the greatest common divisor of o and n?
18
Let k be 7*(-2 + (-16)/(-14)). Let u = -18 - k. Let j be u*4*-2*1. What is the greatest common divisor of j and 12?
12
Let q be 40*(1 + (-7)/(-105)*-3). Let a = 13 - 5. What is the greatest common factor of a and q?
8
Let y = 8 - 6. Let q be 19 + -1 + 2/y. Suppose -5*g + 831 = 4*z, -5*g + 188 = 2*z - 225. What is the highest common factor of q and z?
19
Let x be (0 - (-3)/2)*-2. Let c be x/(-6) - 41/(-2). What is the greatest common divisor of c and 14?
7
Let i be (-36)/(0 + -2) - 0. What is the highest common divisor of 198 and i?
18
Let q = -8 + 5. Let y be q/3 - (2 + -1). Let s be 9/(9/(-6) - y). What is the highest common factor of s and 45?
9
Let d be (12 + (-4)/(-2))/((-14)/(-21)). What is the highest common divisor of 273 and d?
21
Suppose -9*a = -5*a - 224. Calculate the greatest common factor of 140 and a.
